 of 11438.
2, 7, 19, 43
List the prime factors of 28638.
2, 3, 37, 43
List the prime factors of 55260.
2, 3, 5, 307
What are the prime factors of 538?
2, 269
What are the prime factors of 140729?
140729
List the prime factors of 600.
2, 3, 5
List the prime factors of 9393.
3, 31, 101
List the prime factors of 23147.
79, 293
List the prime factors of 6299.
6299
List the prime factors of 1658.
2, 829
What are the prime factors of 9423?
3, 349
List the prime factors of 1295.
5, 7, 37
What are the prime factors of 34348?
2, 31, 277
List the prime factors of 733.
733
What are the prime factors of 5730?
2, 3, 5, 191
What are the prime factors of 350?
2, 5, 7
List the prime factors of 1934.
2, 967
What are the prime factors of 16448?
2, 257
List the prime factors of 80432.
2, 11, 457
List the prime factors of 24296.
2, 3037
List the prime factors of 135117.
3, 15013
List the prime factors of 9660.
2, 3, 5, 7, 23
What are the prime factors of 882?
2, 3, 7
List the prime factors of 135.
3, 5
What are the prime factors of 54249?
3, 13, 107
What are the prime factors of 693?
3, 7, 11
What are the prime factors of 181?
181
What are the prime factors of 1206?
2, 3, 67
What are the prime factors of 390?
2, 3, 5, 13
List the prime factors of 6059.
73, 83
What are the prime factors of 185?
5, 37
What are the prime factors of 111313?
157, 709
What are the prime factors of 4343?
43, 101
What are the prime factors of 843?
3, 281
List the prime factors of 3673.
3673
List the prime factors of 35942.
2, 17971
What are the prime factors of 21868?
2, 7, 11, 71
List the prime factors of 1225.
5, 7
What are the prime factors of 114620?
2, 5, 11, 521
What are the prime factors of 8676?
2, 3, 241
List the prime factors of 1724.
2, 431
What are the prime factors of 8572?
2, 2143
What are the prime factors of 2873?
13, 17
What are the prime factors of 847?
7, 11
What are the prime factors of 31816?
2, 41, 97
List the prime factors of 7827.
3, 2609
List the prime factors of 22.
2, 11
What are the prime factors of 1137?
3, 379
List the prime factors of 4213.
11, 383
What are the prime factors of 10478?
2, 13, 31
List the prime factors of 43213.
79, 547
What are the prime factors of 863?
863
What are the prime factors of 844?
2, 211
List the prime factors of 522.
2, 3, 29
What are the prime factors of 1114?
2, 557
List the prime factors of 28748.
2, 7187
What are the prime factors of 1275?
3, 5, 17
What are the prime factors of 6605?
5, 1321
What are the prime factors of 19898?
2, 9949
What are the prime factors of 3436?
2, 859
What are the prime factors of 4439?
23, 193
List the prime factors of 14362.
2, 43, 167
List the prime factors of 13934.
2, 6967
What are the prime factors of 110?
2, 5, 11
What are the prime factors of 979?
11, 89
What are the prime factors of 2586?
2, 3, 431
What are the prime factors of 2088?
2, 3, 29
What are the prime factors of 12736?
2, 199
What are the prime factors of 3540?
2, 3, 5, 59
What are the prime factors of 1891?
31, 61
List the prime factors of 1740.
2, 3, 5, 29
What are the prime factors of 471?
3, 157
What are the prime factors of 6315?
3, 5, 421
What are the prime factors of 829?
829
What are the prime factors of 22597?
59, 383
List the prime factors of 3716.
2, 929
What are the prime factors of 194?
2, 97
What are the prime factors of 67415?
5, 97, 139
List the prime factors of 70114.
2, 11, 3187
List the prime factors of 59104.
2, 1847
List the prime factors of 1242.
2, 3, 23
What are the prime factors of 3317?
31, 107
What are the prime factors of 254?
2, 127
What are the prime factors of 677?
677
What are the prime factors of 9120?
2, 3, 5, 19
What are the prime factors of 6031?
37, 163
What are the prime factors of 2083?
2083
What are the prime factors of 94392?
2, 3, 19, 23
What are the prime factors of 28356?
2, 3, 17, 139
What are the prime factors of 30738?
2, 3, 47, 109
What are the prime factors of 32709?
3, 10903
What are the prime factors of 449?
449
List the prime factors of 18408.
2, 3, 13, 59
What are the prime factors of 59454?
2, 3, 367
List the prime factors of 9197.
17, 541
List the prime factors of 6436.
2, 1609
List the prime factors of 254.
2, 127
What are the prime factors of 62640?
2, 3, 5, 29
List the prime factors of 6553.
6553
What are the prime factors of 11382?
2, 3, 7, 271
List the prime factors of 32533.
32533
What are the prime factors of 4008?
2, 3, 167
What are the prime factors of 27536?
2, 1721
What are the prime factors of 9388?
2, 2347
What are the prime factors of 5997?
3, 1999
List the prime factors of 5296.
2, 331
What are the prime factors of 59896?
2, 7487
List the prime factors of 823.
823
List the prime factors of 10156.
2, 2539
What are the prime factors of 16121?
7, 47
What are the prime factors of 13933?
13933
What are the prime factors of 42981?
3, 14327
List the prime factors of 9858.
2, 3, 31, 53
What are the prime factors of 12705?
3, 5, 7, 11
What are the prime factors of 4029?
3, 17, 79
List the prime factors of 23954.
2, 7, 29, 59
List the prime factors of 832.
2, 13
List the prime factors of 2053.
2053
List the prime factors of 7163.
13, 19, 29
List the prime factors of 8360.
2, 5, 11, 19
List the prime factors of 44844.
2, 3, 37, 101
What are the prime factors of 32456?
2, 4057
What are the prime factors of 15983?
11, 1453
What are the prime factors of 663?
3, 13, 17
List the prime factors of 32527.
11, 2957
List the prime factors of 62606.
2, 23, 1361
List the prime factors of 99939.
3, 7, 4759
List the prime factors of 241.
241
What are the prime factors of 1063?
1063
List the prime factors of 77379.
3, 25793
What are the prime factors of 8358?
2, 3, 7, 199
List the prime factors of 110815.
5, 37, 599
What are the prime factors of 1014?
2, 3, 13
List the prime factors of 1891.
31, 61
What are the prime factors of 14899?
47, 317
What are the prime factors of 132025?
5, 5281
List the prime factors of 1028.
2, 257
What are the prime factors of 86979?
3, 79, 367
What are the prime factors of 50032?
2, 53, 59
What are the prime factors of 44518?
2, 22259
List the prime factors of 685.
5, 137
What are the prime factors of 2015?
5, 13, 31
List the prime factors of 4230.
2, 3, 5, 47
List the prime factors of 107962.
2, 23, 2347
List the prime factors of 956.
2, 239
List the prime factors of 2939.
2939
What are the prime factors of 68547?
3, 73, 313
What are the prime factors of 469?
7, 67
List the prime factors of 16380.
2, 3, 5, 7, 13
What are the prime factors of 531?
3, 59
What are the prime factors of 14383?
19, 757
List the prime factors of 20520.
2, 3, 5, 19
List the prime factors of 6704.
2, 419
List the prime factors of 2397.
3, 17, 47
What are the prime factors of 667?
23, 29
What are the prime factors of 812?
2, 7, 29
What are the prime factors of 3902?
2, 1951
List the prime factors of 1355.
5, 271
What are the prime factors of 28186?
2, 17, 829
What are the prime factors of 10680?
2, 3, 5, 89
What are the prime factors of 5661?
3, 17, 37
List the prime factors of 268.
2, 67
List the prime factors of 37271.
13, 47, 61
What are the prime factors of 1936?
2, 11
What are the prime factors of 14681?
53, 277
List the prime factors of 220.
2, 5, 11
What are the prime factors of 1556?
2, 389
What are the prime factors of 1039?
1039
List the prime factors of 12649.
7, 13, 139
What are the prime factors of 135776?
2, 4243
What are the prime factors of 57310?
2, 5, 11, 521
What are the prime factors of 107932?
2, 11, 223
List the prime factors of 11344.
2, 709
What are the prime factors of 22050?
2, 3, 5, 7
List the prime factors of 11422.
2, 5711
What are the prime factors of 31589?
31, 1019
What are the prime factors of 31452?
2, 3, 2621
List the prime factors of 41499.
3, 29, 53
List the prime factors of 109285.
5, 11, 1987
List the prime factors of 8003.
53, 151
List the prime factors of 344.
2, 43
What are the prime factors of 14527?
73, 199
List the prime factors of 65990.
2, 5, 6599
List the prime factors of 54023.
89, 607
What are the prime factors of 17598?
2, 3, 7, 419
List the prime factors of 1002.
2, 3, 167
List the prime factors of 34679.
34679
What are the prime factors of 6543?
3, 727
What are the prime factors of 17864?
2, 7, 11, 29
List the prime factors of